of 3?
True
Is 1219 a multiple of 25?
False
Is 131 a factor of 548226?
False
Does 15 divide 407835?
True
Is 2979592 a multiple of 196?
True
Does 479 divide 1459992?
True
Does 24 divide 273816?
True
Does 36 divide 9056?
False
Does 78 divide 125795?
False
Is 146756 a multiple of 76?
True
Does 62 divide 855972?
True
Does 28 divide 126364?
True
Is 264028 a multiple of 66?
False
Does 231 divide 218827?
False
Is 3772140 a multiple of 311?
False
Is 17 a factor of 2256406?
False
Does 10 divide 37965?
False
Does 8 divide 2202092?
False
Is 34 a factor of 1614991?
False
Is 447 a factor of 176565?
True
Does 14 divide 831362?
True
Is 319269 a multiple of 14?
False
Does 33 divide 292314?
True
Is 1680525 a multiple of 315?
True
Is 12 a factor of 14953432?
False
Does 6 divide 4310?
False
Does 13 divide 15629354?
True
Does 546 divide 17864574?
True
Does 57 divide 4900300?
False
Does 89 divide 4099888?
False
Is 125137 a multiple of 14?
False
Does 75 divide 2718375?
True
Is 458350 a multiple of 69?
False
Is 10310627 a multiple of 30?
False
Is 2910132 a multiple of 199?
False
Is 252379 a multiple of 42?
False
Is 95 a factor of 2818650?
True
Is 551298 a multiple of 636?
False
Does 22 divide 84935?
False
Does 178 divide 75294?
True
Is 713328 a multiple of 193?
True
Is 1086722 a multiple of 15?
False
Is 2210185 a multiple of 377?
False
Is 23 a factor of 103878?
False
Does 52 divide 3163264?
True
Is 32 a factor of 15820966?
False
Does 18 divide 764640?
True
Is 19811 a multiple of 28?
False
Is 46905 a multiple of 59?
True
Is 300 a factor of 4049400?
True
Is 303996 a multiple of 32?
False
Is 184 a factor of 408664?
True
Is 76295 a multiple of 6?
False
Is 1086 a factor of 16813843?
False
Is 30 a factor of 3513030?
True
Does 574 divide 140012?
False
Is 13319 a multiple of 19?
True
Is 614014 a multiple of 23?
False
Is 1577664 a multiple of 33?
True
Is 99 a factor of 2224629?
True
Is 1998970 a multiple of 25?
False
Does 131 divide 354208?
False
Is 171276 a multiple of 21?
True
Is 999125 a multiple of 25?
True
Does 51 divide 218553?
False
Is 17 a factor of 98807?
False
Is 6120891 a multiple of 9?
True
Does 354 divide 8340513?
False
Is 16 a factor of 986499?
False
Does 154 divide 176484?
True
Is 233714 a multiple of 70?
False
Does 137 divide 122889?
True
Is 277 a factor of 329991?
False
Does 62 divide 534140?
False
Does 24 divide 1048968?
True
Is 849233 a multiple of 27?
False
Is 230 a factor of 7881850?
False
Is 2042618 a multiple of 12?
False
Is 323191 a multiple of 171?
False
Is 137 a factor of 792408?
True
Is 13 a factor of 3853239?
True
Is 440 a factor of 1705545?
False
Is 571 a factor of 6249024?
True
Is 4824827 a multiple of 126?
False
Is 3284708 a multiple of 7?
True
Is 543936 a multiple of 23?
False
Does 19 divide 313196?
True
Is 15 a factor of 1122185?
False
Is 42112 a multiple of 64?
True
Is 13 a factor of 793507?
True
Does 332 divide 202520?
True
Is 64 a factor of 49344?
True
Does 6 divide 16366?
False
Is 10 a factor of 226369?
False
Does 9 divide 167273?
False
Does 56 divide 208880?
True
Is 7 a factor of 422016?
True
Does 260 divide 3647729?
False
Is 40 a factor of 812160?
True
Does 14 divide 8573?
False
Is 2179931 a multiple of 169?
True
Does 8 divide 45712?
True
Does 301 divide 4105038?
True
Is 23363 a multiple of 61?
True
Is 197153 a multiple of 14?
False
Is 37 a factor of 2218483?
True
Is 9859725 a multiple of 27?
True
Is 6 a factor of 71432?
False
Is 1194 a factor of 2430984?
True
Does 10 divide 15140?
True
Does 245 divide 461580?
True
Is 223070 a multiple of 33?
False
Is 389478 a multiple of 278?
True
Is 624088 a multiple of 241?
False
Is 39525 a multiple of 52?
False
Is 6234989 a multiple of 762?
False
Is 16 a factor of 4733931?
False
Does 18 divide 17478?
True
Is 1161912 a multiple of 24?
True
Is 2280222 a multiple of 21?
True
Does 188 divide 713460?
True
Is 15 a factor of 93300?
True
Does 50 divide 53450?
True
Does 972 divide 11083068?
False
Is 586682 a multiple of 84?
False
Is 12 a factor of 3085183?
False
Does 707 divide 1298857?
False
Is 87 a factor of 1230789?
True
Does 24 divide 1088947?
False
Is 47 a factor of 1208041?
True
Is 19 a factor of 908802?
False
Is 501630 a multiple of 30?
True
Does 18 divide 83213?
False
Is 537 a factor of 8066524?
False
Does 3 divide 948372?
True
Is 186 a factor of 2234232?
True
Is 16 a factor of 59620?
False
Is 1199302 a multiple of 38?
False
Is 1681155 a multiple of 405?
True
Is 100880 a multiple of 40?
True
Is 529954 a multiple of 22?
False
Is 9473336 a multiple of 38?
False
Does 45 divide 19745495?
False
Does 394 divide 370253?
False
Is 7 a factor of 163464?
True
Is 54 a factor of 2029602?
False
Is 671102 a multiple of 307?
True
Is 28 a factor of 106505?
False
Does 43 divide 101910?
True
Is 15101343 a multiple of 53?
True
Does 17 divide 1478727?
False
Is 1059 a factor of 2335095?
True
Is 8568162 a multiple of 144?
False
Is 80738 a multiple of 203?
False
Does 30 divide 273300?
True
Is 4501720 a multiple of 21?
False
Does 46 divide 10377939?
False
Is 8373886 a multiple of 39?
False
Is 327744 a multiple of 96?
True
Is 190388 a multiple of 15?
False
Is 33 a factor of 21548340?
True
Is 90 a factor of 160290?
True
Is 660928 a multiple of 3?
False
Does 6 divide 204528?
True
Is 187409 a multiple of 67?
False
Is 8 a factor of 4855331?
False
Is 145 a factor of 2039083?
False
Does 315 divide 4861396?
False
Is 170441 a multiple of 3?
False
Is 7 a factor of 1305220?
True
Is 8 a factor of 1326056?
True
Is 31801 a multiple of 6?
False
Is 1821029 a multiple of 553?
True
Is 11 a factor of 144134?
False
Is 108 a factor of 182154?
False
Is 1908 a factor of 4962708?
True
Does 31 divide 229958?
True
Is 19837 a multiple of 2?
False
Is 60732 a multiple of 396?
False
Is 224575 a multiple of 65?
True
Is 200 a factor of 79497?
False
Is 233864 a multiple of 104?
False
Is 38 a factor of 50501?
False
Is 28165880 a multiple of 148?
True
Does 41 divide 266224?
False
Does 142 divide 45908?
False
Is 1439711 a multiple of 169?
True
Is 126 a factor of 411845?
False
Is 2820099 a multiple of 23?
True
Does 2 divide 183352?
True
Is 299 a factor of 1717632?
False
Is 43 a factor of 208937?
True
Is 369 a factor of 2232830?
False
Does 266 divide 2537906?
True
Is 84 a factor of 126588?
True
Does 9 divide 144726?
False
Does 2 divide 1623224?
True
Is 8 a factor of 9264168?
True
Is 213227 a multiple of 367?
True
Is 74050 even?
True
Does 306 divide 415?
False
Does 13 divide 2917037?
False
Is 2608470 a multiple of 270?
True
Is 11 a factor of 1016172?
False
Is 1439 a factor of 2169282?
False
Is 150259 a multiple of 47?
True
Is 119 a factor of 495238?
False
Does 17 divide 798473?
True
Is 82 a factor of 272068?
False
Does 32 divide 2012226?
False
Is 78 a factor of 269184?
False
Does 474 divide 9300828?
True
Is 55366 a multiple of 38?
True
Is 278870 a multiple of 706?
True
Is 209 a factor of 255426?
False
Is 5262 a multiple of 3?
True
Is 28046888 a multiple of 38?
True
Does 574 divide 1084286?
True
Does 16 divide 492800?
True
Does 24 divide 136737?
False
Is 238 a factor of 704718?
True
Is 95388 a multiple of 10?
False
Is 312 a factor of 414648?
True
Is 1628 a factor of 1702888?
True
Is 350520 a multiple of 10?
True
Does 9 divide 371653?
False
Is 34 a factor of 81498?
True
Is 239 a factor of 3206015?
False
Does 9 divide 77814?
True
Is 97334 a multiple of 456?
False
Does 345 divide 6843075?
True
Does 36 divide 40932?
True
Is 35 a factor of 468405?
True
Is 20 a factor of 628405?
False
Is 30 a factor of 11110683?
False
Does 4 divide 3602462?
False
Does 11 divide 9553159?
True
Does 3 divide 12579?
True
Is 81 a factor of 600570?
False
Is 257 a factor of 4684099?
False
Is 816 a factor of 1692384?
True
Is 2301444 a multiple of 12?
True
Is 4950882 a multiple of 1127?
False
Is 2 a factor of 352746?
True
Is 774629 a multiple of 90?
False
Does 17 divide 96696?
True
Does 246 divide 431238?
True
Is 52 a factor of 799656?
True
Is 453592 a multiple of 8?
True
Is 119553 a multiple of 7?
True
Is 328 a factor of 33784?
True
Is 340213 a multiple of 30?
False
Is 570285 a multiple of 115?
True
Does 427 divide 620198?
False
Is 1651600 a multiple of 8?
True
Is 389 a factor of 4022710?
False
Does 17 divide 41905786?
False
Does 13 divide 3194072?
False
Does 19 divide 3490602?
False
Is 717